{"id":17640,"date":"2023-06-09T14:25:39","date_gmt":"2023-06-09T14:25:39","guid":{"rendered":"https:\/\/live-kchc-2022.pantheonsite.io\/?post_type=leadership&#038;p=17640"},"modified":"2025-03-03T14:23:55","modified_gmt":"2025-03-03T20:23:55","slug":"raymond-garay-2","status":"publish","type":"leadership","link":"https:\/\/www.pillarhealthcare.org\/es\/leadership\/raymond-garay\/","title":{"rendered":"Raymond Garay"},"content":{"rendered":"<p><div class=\"fusion-fullwidth fullwidth-box fusion-builder-row-1 fusion-flex-container has-pattern-background has-mask-background nonhundred-percent-fullwidth non-hundred-percent-height-scrolling fusion-custom-z-index\" style=\"--awb-border-radius-top-left:0px;--awb-border-radius-top-right:0px;--awb-border-radius-bottom-right:0px;--awb-border-radius-bottom-left:0px;--awb-z-index:99;--awb-padding-bottom-small:35px;--awb-margin-top:-200px;--awb-min-height:450px;--awb-flex-wrap:wrap;\" ><div class=\"fusion-builder-row fusion-row fusion-flex-align-items-stretch fusion-flex-content-wrap\" style=\"max-width:calc( 1400px + 0px );margin-left: calc(-0px \/ 2 );margin-right: calc(-0px \/ 2 );\"><div class=\"fusion-layout-column fusion_builder_column fusion-builder-column-0 fusion_builder_column_1_3 1_3 fusion-flex-column fusion-flex-align-self-stretch singleProvider\" style=\"--awb-bg-position:center top;--awb-bg-size:cover;--awb-width-large:33.333333333333%;--awb-margin-top-large:0px;--awb-spacing-right-large:0px;--awb-margin-bottom-large:0px;--awb-spacing-left-large:0px;--awb-width-medium:33.333333333333%;--awb-order-medium:0;--awb-spacing-right-medium:0px;--awb-spacing-left-medium:0px;--awb-width-small:100%;--awb-order-small:0;--awb-spacing-right-small:0px;--awb-spacing-left-small:0px;\" data-scroll-devices=\"small-visibility,medium-visibility,large-visibility\"><div class=\"fusion-column-wrapper lazyload fusion-column-has-shadow fusion-flex-justify-content-flex-start fusion-content-layout-column fusion-empty-column-bg-image fusion-column-has-bg-image\" data-bg-url=\"https:\/\/www.pillarhealthcare.org\/wp-content\/uploads\/2022\/05\/ray_garay_web-500x500-1.png\" data-bg=\"https:\/\/www.pillarhealthcare.org\/wp-content\/uploads\/2022\/05\/ray_garay_web-500x500-1.png\"><img decoding=\"async\" class=\"fusion-empty-dims-img-placeholder fusion-no-large-visibility fusion-no-medium-visibility\" aria-label=\"ray_garay_web-500\u00d7500\" src=\"data:image\/svg+xml,%3Csvg%20xmlns%3D%27http%3A%2F%2Fwww.w3.org%2F2000%2Fsvg%27%20width%3D%27500%27%20height%3D%27500%27%20viewBox%3D%270%200%20500%20500%27%3E%3Crect%20width%3D%27500%27%20height%3D%27500%27%20fill-opacity%3D%220%22%2F%3E%3C%2Fsvg%3E\"><\/div><\/div><div class=\"fusion-layout-column fusion_builder_column fusion-builder-column-1 fusion_builder_column_2_3 2_3 fusion-flex-column fusion-flex-align-self-stretch provider-details singleProvider\" style=\"--awb-bg-color:var(--awb-color1);--awb-bg-color-hover:var(--awb-color1);--awb-bg-size:cover;--awb-width-large:66.666666666667%;--awb-margin-top-large:0px;--awb-spacing-right-large:0px;--awb-margin-bottom-large:0px;--awb-spacing-left-large:0px;--awb-width-medium:66.666666666667%;--awb-order-medium:0;--awb-spacing-right-medium:0px;--awb-spacing-left-medium:0px;--awb-width-small:100%;--awb-order-small:0;--awb-spacing-right-small:0px;--awb-spacing-left-small:0px;\" data-scroll-devices=\"small-visibility,medium-visibility,large-visibility\"><div class=\"fusion-column-wrapper fusion-column-has-shadow fusion-flex-justify-content-center fusion-content-layout-column\"><div class=\"fusion-title title fusion-title-1 fusion-sep-none fusion-title-text fusion-title-size-four provider-type\" style=\"--awb-text-color:var(--awb-color5);--awb-margin-right:35px;--awb-margin-left:35px;--awb-margin-top-small:10px;--awb-margin-right-small:0px;--awb-margin-bottom-small:10px;--awb-margin-left-small:0px;--awb-font-size:18px;\"><h4 class=\"fusion-title-heading title-heading-left fusion-responsive-typography-calculated\" style=\"font-family:&quot;Rubik&quot;;font-style:normal;font-weight:600;margin:0;text-transform:uppercase;font-size:1em;--fontSize:18;--minFontSize:18;line-height:2.33;\"><h1>EQUIPO DIRECTIVO<\/h1><\/h4><\/div><div class=\"fusion-title title fusion-title-2 fusion-sep-none fusion-title-text fusion-title-size-two\" style=\"--awb-text-color:var(--awb-custom_color_5);--awb-margin-top:0px;--awb-margin-right:35px;--awb-margin-bottom:0px;--awb-margin-left:35px;--awb-margin-top-small:10px;--awb-margin-right-small:0px;--awb-margin-bottom-small:10px;--awb-margin-left-small:0px;\"><h2 class=\"fusion-title-heading title-heading-left fusion-responsive-typography-calculated\" style=\"font-family:&quot;Rubik&quot;;font-style:normal;font-weight:600;margin:0;--fontSize:52;line-height:1.19;\">Raymond Garay<\/h2><\/div><div class=\"fusion-title title fusion-title-3 fusion-sep-none fusion-title-text fusion-title-size-four\" style=\"--awb-text-color:var(--awb-color3);--awb-margin-right:35px;--awb-margin-bottom:0px;--awb-margin-left:35px;--awb-margin-top-small:10px;--awb-margin-right-small:0px;--awb-margin-bottom-small:10px;--awb-margin-left-small:0px;\"><h4 class=\"fusion-title-heading title-heading-left fusion-responsive-typography-calculated\" style=\"margin:0;--fontSize:30;--minFontSize:30;line-height:1.4;\">Consejero Delegado<\/h4><\/div><div class=\"fusion-separator\" style=\"align-self: center;margin-left: auto;margin-right: auto;margin-top:35px;margin-bottom:35px;width:100%;max-width:93%;\"><div class=\"fusion-separator-border sep-single\" style=\"--awb-height:20px;--awb-amount:20px;--awb-sep-color:var(--awb-color5);border-color:var(--awb-color5);border-top-width:4px;\"><\/div><\/div><\/div><\/div><\/div><\/div><div class=\"fusion-fullwidth fullwidth-box fusion-builder-row-2 fusion-flex-container has-pattern-background has-mask-background nonhundred-percent-fullwidth non-hundred-percent-height-scrolling\" style=\"--awb-border-radius-top-left:0px;--awb-border-radius-top-right:0px;--awb-border-radius-bottom-right:0px;--awb-border-radius-bottom-left:0px;--awb-padding-bottom:60px;--awb-margin-top:35px;--awb-flex-wrap:wrap;\" ><div class=\"fusion-builder-row fusion-row fusion-flex-align-items-stretch fusion-flex-content-wrap\" style=\"max-width:1456px;margin-left: calc(-4% \/ 2 );margin-right: calc(-4% \/ 2 );\"><div class=\"fusion-layout-column fusion_builder_column fusion-builder-column-2 fusion_builder_column_1_1 1_1 fusion-flex-column\" style=\"--awb-bg-size:cover;--awb-width-large:100%;--awb-margin-top-large:0px;--awb-spacing-right-large:1.92%;--awb-margin-bottom-large:20px;--awb-spacing-left-large:1.92%;--awb-width-medium:100%;--awb-order-medium:0;--awb-spacing-right-medium:1.92%;--awb-spacing-left-medium:1.92%;--awb-width-small:100%;--awb-order-small:0;--awb-spacing-right-small:1.92%;--awb-spacing-left-small:1.92%;\" data-scroll-devices=\"small-visibility,medium-visibility,large-visibility\"><div class=\"fusion-column-wrapper fusion-column-has-shadow fusion-flex-justify-content-flex-start fusion-content-layout-column\"><div class=\"fusion-title title fusion-title-4 fusion-sep-none fusion-title-text fusion-title-size-four\" style=\"--awb-text-color:var(--awb-custom_color_5);--awb-margin-top-small:10px;--awb-margin-right-small:0px;--awb-margin-bottom-small:10px;--awb-margin-left-small:0px;\"><h4 class=\"fusion-title-heading title-heading-left fusion-responsive-typography-calculated\" style=\"margin:0;--fontSize:30;--minFontSize:30;line-height:1.4;\">Acerca de<\/h4><\/div><div class=\"fusion-text fusion-text-1\"><p>Raymond Garay es el Director Ejecutivo de Servicios de Atenci\u00f3n M\u00f3vil del Centro Comunitario de Salud de Kenosha (KCHC), que se dedica a ayudar a la comunidad desatendida de Kenosha.<\/p>\n<p>Es responsable del funcionamiento diario de las cl\u00ednicas y de las misiones m\u00e9dicas m\u00f3viles, y se asegura de que los pacientes reciban una atenci\u00f3n m\u00e9dica asequible y de calidad tanto en las cl\u00ednicas como en la comunidad en general. Garay cree que todos los pacientes, de todas las clases sociales, merecen la mejor atenci\u00f3n posible y mantiene la asequibilidad como componente central de nuestro modelo de atenci\u00f3n sanitaria.<\/p>\n<p>Durante la pandemia, dirigi\u00f3 el equipo m\u00f3vil del KCHC para apoyar a la comunidad de Kenosha y a las empresas locales realizando 21.000 pruebas COVID-19 y 6.100 vacunaciones m\u00f3viles COVID-19.<\/p>\n<p>Garay es un oficial retirado del Cuerpo de Enfermeras de la Armada que ahora ha dedicado su carrera a servir a las comunidades desatendidas y sin seguro de Kenosha. Raymond es enfermero diplomado y licenciado en Enfermer\u00eda por la Universidad de Salisbury (Maryland).<\/p>\n<\/div><\/div><\/div><\/div><\/div><\/p>","protected":false},"excerpt":{"rendered":"","protected":false},"featured_media":1281,"menu_order":4,"template":"","class_list":["post-17640","leadership","type-leadership","status-publish","has-post-thumbnail","hentry"],"acf":[],"_links":{"self":[{"href":"https:\/\/www.pillarhealthcare.org\/es\/wp-json\/wp\/v2\/leadership\/17640","targetHints":{"allow":["GET"]}}],"collection":[{"href":"https:\/\/www.pillarhealthcare.org\/es\/wp-json\/wp\/v2\/leadership"}],"about":[{"href":"https:\/\/www.pillarhealthcare.org\/es\/wp-json\/wp\/v2\/types\/leadership"}],"version-history":[{"count":4,"href":"https:\/\/www.pillarhealthcare.org\/es\/wp-json\/wp\/v2\/leadership\/17640\/revisions"}],"predecessor-version":[{"id":19182,"href":"https:\/\/www.pillarhealthcare.org\/es\/wp-json\/wp\/v2\/leadership\/17640\/revisions\/19182"}],"wp:featuredmedia":[{"embeddable":true,"href":"https:\/\/www.pillarhealthcare.org\/es\/wp-json\/wp\/v2\/media\/1281"}],"wp:attachment":[{"href":"https:\/\/www.pillarhealthcare.org\/es\/wp-json\/wp\/v2\/media?parent=17640"}],"curies":[{"name":"wp","href":"https:\/\/api.w.org\/{rel}","templated":true}]}}

<p><div class="fusion-fullwidth fullwidth-box fusion-builder-row-1 fusion-flex-container has-pattern-background has-mask-background nonhundred-percent-fullwidth non-hundred-percent-height-scrolling fusion-custom-z-index" style="--awb-border-radius-top-left:0px;--awb-border-radius-top-right:0px;--awb-border-radius-bottom-right:0px;--awb-border-radius-bottom-left:0px;--awb-z-index:99;--awb-padding-bottom-small:35px;--awb-margin-top:-200px;--awb-min-height:450px;--awb-flex-wrap:wrap;" ><div class="fusion-builder-row fusion-row fusion-flex-align-items-stretch fusion-flex-content-wrap" style="max-width:calc( 1400px + 0px );margin-left: calc(-0px / 2 );margin-right: calc(-0px / 2 );"><div class="fusion-layout-column fusion_builder_column fusion-builder-column-0 fusion_builder_column_1_3 1_3 fusion-flex-column fusion-flex-align-self-stretch singleProvider" style="--awb-bg-position:center top;--awb-bg-size:cover;--awb-width-large:33.333333333333%;--awb-margin-top-large:0px;--awb-spacing-right-large:0px;--awb-margin-bottom-large:0px;--awb-spacing-left-large:0px;--awb-width-medium:33.333333333333%;--awb-order-medium:0;--awb-spacing-right-medium:0px;--awb-spacing-left-medium:0px;--awb-width-small:100%;--awb-order-small:0;--awb-spacing-right-small:0px;--awb-spacing-left-small:0px;" data-scroll-devices="small-visibility,medium-visibility,large-visibility"><div class="fusion-column-wrapper lazyload fusion-column-has-shadow fusion-flex-justify-content-flex-start fusion-content-layout-column fusion-empty-column-bg-image fusion-column-has-bg-image" data-bg-url="https://www.pillarhealthcare.org/wp-content/uploads/2022/05/ray_garay_web-500x500-1.png" data-bg="https://www.pillarhealthcare.org/wp-content/uploads/2022/05/ray_garay_web-500x500-1.png"><img decoding="async" class="fusion-empty-dims-img-placeholder fusion-no-large-visibility fusion-no-medium-visibility" aria-label="ray_garay_web-500×500" src="data:image/svg+xml,%3Csvg%20xmlns%3D%27http%3A%2F%2Fwww.w3.org%2F2000%2Fsvg%27%20width%3D%27500%27%20height%3D%27500%27%20viewBox%3D%270%200%20500%20500%27%3E%3Crect%20width%3D%27500%27%20height%3D%27500%27%20fill-opacity%3D%220%22%2F%3E%3C%2Fsvg%3E"></div></div><div class="fusion-layout-column fusion_builder_column fusion-builder-column-1 fusion_builder_column_2_3 2_3 fusion-flex-column fusion-flex-align-self-stretch provider-details singleProvider" style="--awb-bg-color:var(--awb-color1);--awb-bg-color-hover:var(--awb-color1);--awb-bg-size:cover;--awb-width-large:66.666666666667%;--awb-margin-top-large:0px;--awb-spacing-right-large:0px;--awb-margin-bottom-large:0px;--awb-spacing-left-large:0px;--awb-width-medium:66.666666666667%;--awb-order-medium:0;--awb-spacing-right-medium:0px;--awb-spacing-left-medium:0px;--awb-width-small:100%;--awb-order-small:0;--awb-spacing-right-small:0px;--awb-spacing-left-small:0px;" data-scroll-devices="small-visibility,medium-visibility,large-visibility"><div class="fusion-column-wrapper fusion-column-has-shadow fusion-flex-justify-content-center fusion-content-layout-column"><div class="fusion-title title fusion-title-1 fusion-sep-none fusion-title-text fusion-title-size-four provider-type" style="--awb-text-color:var(--awb-color5);--awb-margin-right:35px;--awb-margin-left:35px;--awb-margin-top-small:10px;--awb-margin-right-small:0px;--awb-margin-bottom-small:10px;--awb-margin-left-small:0px;--awb-font-size:18px;"><h4 class="fusion-title-heading title-heading-left fusion-responsive-typography-calculated" style="font-family:&quot;Rubik&quot;;font-style:normal;font-weight:600;margin:0;text-transform:uppercase;font-size:1em;--fontSize:18;--minFontSize:18;line-height:2.33;"><h1>EQUIPO DIRECTIVO</h1></h4></div><div class="fusion-title title fusion-title-2 fusion-sep-none fusion-title-text fusion-title-size-two" style="--awb-text-color:var(--awb-custom_color_5);--awb-margin-top:0px;--awb-margin-right:35px;--awb-margin-bottom:0px;--awb-margin-left:35px;--awb-margin-top-small:10px;--awb-margin-right-small:0px;--awb-margin-bottom-small:10px;--awb-margin-left-small:0px;"><h2 class="fusion-title-heading title-heading-left fusion-responsive-typography-calculated" style="font-family:&quot;Rubik&quot;;font-style:normal;font-weight:600;margin:0;--fontSize:52;line-height:1.19;">Raymond Garay</h2></div><div class="fusion-title title fusion-title-3 fusion-sep-none fusion-title-text fusion-title-size-four" style="--awb-text-color:var(--awb-color3);--awb-margin-right:35px;--awb-margin-bottom:0px;--awb-margin-left:35px;--awb-margin-top-small:10px;--awb-margin-right-small:0px;--awb-margin-bottom-small:10px;--awb-margin-left-small:0px;"><h4 class="fusion-title-heading title-heading-left fusion-responsive-typography-calculated" style="margin:0;--fontSize:30;--minFontSize:30;line-height:1.4;">Consejero Delegado</h4></div><div class="fusion-separator" style="align-self: center;margin-left: auto;margin-right: auto;margin-top:35px;margin-bottom:35px;width:100%;max-width:93%;"><div class="fusion-separator-border sep-single" style="--awb-height:20px;--awb-amount:20px;--awb-sep-color:var(--awb-color5);border-color:var(--awb-color5);border-top-width:4px;"></div></div></div></div></div></div><div class="fusion-fullwidth fullwidth-box fusion-builder-row-2 fusion-flex-container has-pattern-background has-mask-background nonhundred-percent-fullwidth non-hundred-percent-height-scrolling" style="--awb-border-radius-top-left:0px;--awb-border-radius-top-right:0px;--awb-border-radius-bottom-right:0px;--awb-border-radius-bottom-left:0px;--awb-padding-bottom:60px;--awb-margin-top:35px;--awb-flex-wrap:wrap;" ><div class="fusion-builder-row fusion-row fusion-flex-align-items-stretch fusion-flex-content-wrap" style="max-width:1456px;margin-left: calc(-4% / 2 );margin-right: calc(-4% / 2 );"><div class="fusion-layout-column fusion_builder_column fusion-builder-column-2 fusion_builder_column_1_1 1_1 fusion-flex-column" style="--awb-bg-size:cover;--awb-width-large:100%;--awb-margin-top-large:0px;--awb-spacing-right-large:1.92%;--awb-margin-bottom-large:20px;--awb-spacing-left-large:1.92%;--awb-width-medium:100%;--awb-order-medium:0;--awb-spacing-right-medium:1.92%;--awb-spacing-left-medium:1.92%;--awb-width-small:100%;--awb-order-small:0;--awb-spacing-right-small:1.92%;--awb-spacing-left-small:1.92%;" data-scroll-devices="small-visibility,medium-visibility,large-visibility"><div class="fusion-column-wrapper fusion-column-has-shadow fusion-flex-justify-content-flex-start fusion-content-layout-column"><div class="fusion-title title fusion-title-4 fusion-sep-none fusion-title-text fusion-title-size-four" style="--awb-text-color:var(--awb-custom_color_5);--awb-margin-top-small:10px;--awb-margin-right-small:0px;--awb-margin-bottom-small:10px;--awb-margin-left-small:0px;"><h4 class="fusion-title-heading title-heading-left fusion-responsive-typography-calculated" style="margin:0;--fontSize:30;--minFontSize:30;line-height:1.4;">Acerca de</h4></div><div class="fusion-text fusion-text-1"><p>Raymond Garay es el Director Ejecutivo de Servicios de Atención Móvil del Centro Comunitario de Salud de Kenosha (KCHC), que se dedica a ayudar a la comunidad desatendida de Kenosha.</p>
<p>Es responsable del funcionamiento diario de las clínicas y de las misiones médicas móviles, y se asegura de que los pacientes reciban una atención médica asequible y de calidad tanto en las clínicas como en la comunidad en general. Garay cree que todos los pacientes, de todas las clases sociales, merecen la mejor atención posible y mantiene la asequibilidad como componente central de nuestro modelo de atención sanitaria.</p>
<p>Durante la pandemia, dirigió el equipo móvil del KCHC para apoyar a la comunidad de Kenosha y a las empresas locales realizando 21.000 pruebas COVID-19 y 6.100 vacunaciones móviles COVID-19.</p>
<p>Garay es un oficial retirado del Cuerpo de Enfermeras de la Armada que ahora ha dedicado su carrera a servir a las comunidades desatendidas y sin seguro de Kenosha. Raymond es enfermero diplomado y licenciado en Enfermería por la Universidad de Salisbury (Maryland).</p>
</div></div></div></div></div></p>
