{"id":22619,"date":"2025-03-03T14:13:11","date_gmt":"2025-03-03T20:13:11","guid":{"rendered":"https:\/\/www.pillarhealthcare.org\/?post_type=administration&#038;p=22619"},"modified":"2025-03-03T14:22:32","modified_gmt":"2025-03-03T20:22:32","slug":"mark-p-celebre-r-ph","status":"publish","type":"administration","link":"https:\/\/www.pillarhealthcare.org\/es\/administration\/mark-p-celebre-r-ph\/","title":{"rendered":"Mark P. Celebre, R.PH."},"content":{"rendered":"<p><div class=\"fusion-fullwidth fullwidth-box fusion-builder-row-1 fusion-flex-container has-pattern-background has-mask-background nonhundred-percent-fullwidth non-hundred-percent-height-scrolling fusion-custom-z-index\" style=\"--awb-border-radius-top-left:0px;--awb-border-radius-top-right:0px;--awb-border-radius-bottom-right:0px;--awb-border-radius-bottom-left:0px;--awb-z-index:99;--awb-padding-bottom-small:35px;--awb-margin-top:-200px;--awb-min-height:450px;--awb-flex-wrap:wrap;\" ><div class=\"fusion-builder-row fusion-row fusion-flex-align-items-stretch fusion-flex-content-wrap\" style=\"max-width:calc( 1400px + 0px );margin-left: calc(-0px \/ 2 );margin-right: calc(-0px \/ 2 );\"><div class=\"fusion-layout-column fusion_builder_column fusion-builder-column-0 fusion_builder_column_1_3 1_3 fusion-flex-column fusion-flex-align-self-stretch singleProvider\" style=\"--awb-bg-position:center top;--awb-bg-size:cover;--awb-width-large:33.333333333333%;--awb-margin-top-large:0px;--awb-spacing-right-large:0px;--awb-margin-bottom-large:0px;--awb-spacing-left-large:0px;--awb-width-medium:33.333333333333%;--awb-order-medium:0;--awb-spacing-right-medium:0px;--awb-spacing-left-medium:0px;--awb-width-small:100%;--awb-order-small:0;--awb-spacing-right-small:0px;--awb-spacing-left-small:0px;\" data-scroll-devices=\"small-visibility,medium-visibility,large-visibility\"><div class=\"fusion-column-wrapper lazyload fusion-column-has-shadow fusion-flex-justify-content-flex-start fusion-content-layout-column fusion-empty-column-bg-image fusion-column-has-bg-image\" data-bg-url=\"https:\/\/www.pillarhealthcare.org\/wp-content\/uploads\/2023\/03\/KCHC_Mark-Celebre_WEB.png\" data-bg=\"https:\/\/www.pillarhealthcare.org\/wp-content\/uploads\/2023\/03\/KCHC_Mark-Celebre_WEB.png\"><img decoding=\"async\" class=\"fusion-empty-dims-img-placeholder fusion-no-large-visibility fusion-no-medium-visibility\" aria-label=\"KCHC_Mark-Celebre_WEB\" src=\"data:image\/svg+xml,%3Csvg%20xmlns%3D%27http%3A%2F%2Fwww.w3.org%2F2000%2Fsvg%27%20width%3D%27500%27%20height%3D%27500%27%20viewBox%3D%270%200%20500%20500%27%3E%3Crect%20width%3D%27500%27%20height%3D%27500%27%20fill-opacity%3D%220%22%2F%3E%3C%2Fsvg%3E\"><\/div><\/div><div class=\"fusion-layout-column fusion_builder_column fusion-builder-column-1 fusion_builder_column_2_3 2_3 fusion-flex-column fusion-flex-align-self-stretch provider-details singleProvider\" style=\"--awb-bg-color:var(--awb-color1);--awb-bg-color-hover:var(--awb-color1);--awb-bg-size:cover;--awb-width-large:66.666666666667%;--awb-margin-top-large:0px;--awb-spacing-right-large:0px;--awb-margin-bottom-large:0px;--awb-spacing-left-large:0px;--awb-width-medium:66.666666666667%;--awb-order-medium:0;--awb-spacing-right-medium:0px;--awb-spacing-left-medium:0px;--awb-width-small:100%;--awb-order-small:0;--awb-spacing-right-small:0px;--awb-spacing-left-small:0px;\" data-scroll-devices=\"small-visibility,medium-visibility,large-visibility\"><div class=\"fusion-column-wrapper fusion-column-has-shadow fusion-flex-justify-content-center fusion-content-layout-column\"><div class=\"fusion-title title fusion-title-1 fusion-sep-none fusion-title-text fusion-title-size-four provider-type\" style=\"--awb-text-color:var(--awb-custom_color_11);--awb-margin-right:35px;--awb-margin-left:35px;--awb-margin-top-small:10px;--awb-margin-right-small:0px;--awb-margin-bottom-small:10px;--awb-margin-left-small:0px;--awb-font-size:18px;\"><h4 class=\"fusion-title-heading title-heading-left fusion-responsive-typography-calculated\" style=\"font-family:&quot;Rubik&quot;;font-style:normal;font-weight:600;margin:0;text-transform:uppercase;font-size:1em;--fontSize:18;--minFontSize:18;line-height:2.33;\"><h1>OPERACIONES CL\u00cdNICAS<\/h1><\/h4><\/div><div class=\"fusion-title title fusion-title-2 fusion-sep-none fusion-title-text fusion-title-size-two\" style=\"--awb-text-color:var(--awb-custom_color_5);--awb-margin-top:0px;--awb-margin-right:35px;--awb-margin-bottom:0px;--awb-margin-left:35px;--awb-margin-top-small:10px;--awb-margin-right-small:0px;--awb-margin-bottom-small:10px;--awb-margin-left-small:0px;\"><h2 class=\"fusion-title-heading title-heading-left fusion-responsive-typography-calculated\" style=\"font-family:&quot;Rubik&quot;;font-style:normal;font-weight:600;margin:0;--fontSize:52;line-height:1.19;\">Mark P. Celebre, R.PH.<\/h2><\/div><div class=\"fusion-title title fusion-title-3 fusion-sep-none fusion-title-text fusion-title-size-four\" style=\"--awb-text-color:var(--awb-color3);--awb-margin-right:35px;--awb-margin-bottom:0px;--awb-margin-left:35px;--awb-margin-top-small:10px;--awb-margin-right-small:0px;--awb-margin-bottom-small:10px;--awb-margin-left-small:0px;\"><h4 class=\"fusion-title-heading title-heading-left fusion-responsive-typography-calculated\" style=\"margin:0;--fontSize:30;--minFontSize:30;line-height:1.4;\">Consejero Delegado<\/h4><\/div><div class=\"fusion-separator\" style=\"align-self: center;margin-left: auto;margin-right: auto;margin-top:35px;margin-bottom:35px;width:100%;max-width:93%;\"><div class=\"fusion-separator-border sep-single\" style=\"--awb-height:20px;--awb-amount:20px;border-color:var(--awb-color4);border-top-width:4px;\"><\/div><\/div><\/div><\/div><\/div><\/div><div class=\"fusion-fullwidth fullwidth-box fusion-builder-row-2 fusion-flex-container has-pattern-background has-mask-background nonhundred-percent-fullwidth non-hundred-percent-height-scrolling\" style=\"--awb-border-radius-top-left:0px;--awb-border-radius-top-right:0px;--awb-border-radius-bottom-right:0px;--awb-border-radius-bottom-left:0px;--awb-padding-bottom:60px;--awb-margin-top:35px;--awb-flex-wrap:wrap;\" ><div class=\"fusion-builder-row fusion-row fusion-flex-align-items-stretch fusion-flex-content-wrap\" style=\"max-width:1456px;margin-left: calc(-4% \/ 2 );margin-right: calc(-4% \/ 2 );\"><div class=\"fusion-layout-column fusion_builder_column fusion-builder-column-2 fusion_builder_column_1_1 1_1 fusion-flex-column\" style=\"--awb-bg-size:cover;--awb-width-large:100%;--awb-margin-top-large:0px;--awb-spacing-right-large:1.92%;--awb-margin-bottom-large:20px;--awb-spacing-left-large:1.92%;--awb-width-medium:100%;--awb-order-medium:0;--awb-spacing-right-medium:1.92%;--awb-spacing-left-medium:1.92%;--awb-width-small:100%;--awb-order-small:0;--awb-spacing-right-small:1.92%;--awb-spacing-left-small:1.92%;\" data-scroll-devices=\"small-visibility,medium-visibility,large-visibility\"><div class=\"fusion-column-wrapper fusion-column-has-shadow fusion-flex-justify-content-flex-start fusion-content-layout-column\"><div class=\"fusion-title title fusion-title-4 fusion-sep-none fusion-title-text fusion-title-size-four\" style=\"--awb-text-color:var(--awb-custom_color_5);--awb-margin-top-small:10px;--awb-margin-right-small:0px;--awb-margin-bottom-small:10px;--awb-margin-left-small:0px;\"><h4 class=\"fusion-title-heading title-heading-left fusion-responsive-typography-calculated\" style=\"margin:0;--fontSize:30;--minFontSize:30;line-height:1.4;\">Acerca de<\/h4><\/div><div class=\"fusion-text fusion-text-1\"><p><strong>\u00bfCu\u00e1ndo empezaste en KCHC?<\/strong><\/p>\n<p>29 de junio de 2020.<\/p>\n<p><strong>Breve descripci\u00f3n de su experiencia profesional o motivo por el que eligi\u00f3 su campo.<\/strong><\/p>\n<p>Comenc\u00e9 mi carrera farmac\u00e9utica en 1981 en el hospital y cl\u00ednicas de la Universidad de Wisconsin-Madison como farmac\u00e9utica de planta descentralizada.   Realic\u00e9 mis estudios universitarios en la Universidad de Wisconsin-Parkside y me licenci\u00e9 en Farmacia en la Facultad de Farmacia de la Universidad de Wisconsin, Madison. Desde mi infancia me ha interesado el campo de la atenci\u00f3n sanitaria. Mi padre, Ernest Celebre, tambi\u00e9n era farmac\u00e9utico y mi madre, Mary, era tecn\u00f3loga m\u00e9dica.<\/p>\n<p><strong>\u00bfPor qu\u00e9 eligi\u00f3 trabajar para Kenosha Community Health Center, Inc.<\/strong><\/p>\n<p>Eleg\u00ed trabajar en el KCHC como una manera de devolver a la comunidad de Kenosha despu\u00e9s de muchos a\u00f1os de pr\u00e1ctica de la farmacia en el \u00e1rea de Milwaukee y Madison. Nac\u00ed y crec\u00ed en Kenosha.  De hecho, viv\u00ed y crec\u00ed literalmente a 4 cuadras de la Cl\u00ednica M\u00e9dica KCHC 22nd Ave y asist\u00ed y me gradu\u00e9 de la cercana Escuela Holy Rosary.<\/p>\n<\/div><\/div><\/div><\/div><\/div><\/p>","protected":false},"excerpt":{"rendered":"","protected":false},"featured_media":15853,"menu_order":0,"template":"","meta":{"_acf_changed":false,"footnotes":""},"admin-type":[254],"class_list":["post-22619","administration","type-administration","status-publish","has-post-thumbnail","hentry","admin-type-administrative-support-staff"],"acf":[],"_links":{"self":[{"href":"https:\/\/www.pillarhealthcare.org\/es\/wp-json\/wp\/v2\/administration\/22619","targetHints":{"allow":["GET"]}}],"collection":[{"href":"https:\/\/www.pillarhealthcare.org\/es\/wp-json\/wp\/v2\/administration"}],"about":[{"href":"https:\/\/www.pillarhealthcare.org\/es\/wp-json\/wp\/v2\/types\/administration"}],"version-history":[{"count":2,"href":"https:\/\/www.pillarhealthcare.org\/es\/wp-json\/wp\/v2\/administration\/22619\/revisions"}],"predecessor-version":[{"id":22627,"href":"https:\/\/www.pillarhealthcare.org\/es\/wp-json\/wp\/v2\/administration\/22619\/revisions\/22627"}],"wp:featuredmedia":[{"embeddable":true,"href":"https:\/\/www.pillarhealthcare.org\/es\/wp-json\/wp\/v2\/media\/15853"}],"wp:attachment":[{"href":"https:\/\/www.pillarhealthcare.org\/es\/wp-json\/wp\/v2\/media?parent=22619"}],"wp:term":[{"taxonomy":"admin-type","embeddable":true,"href":"https:\/\/www.pillarhealthcare.org\/es\/wp-json\/wp\/v2\/admin-type?post=22619"}],"curies":[{"name":"wp","href":"https:\/\/api.w.org\/{rel}","templated":true}]}}

<p><div class="fusion-fullwidth fullwidth-box fusion-builder-row-1 fusion-flex-container has-pattern-background has-mask-background nonhundred-percent-fullwidth non-hundred-percent-height-scrolling fusion-custom-z-index" style="--awb-border-radius-top-left:0px;--awb-border-radius-top-right:0px;--awb-border-radius-bottom-right:0px;--awb-border-radius-bottom-left:0px;--awb-z-index:99;--awb-padding-bottom-small:35px;--awb-margin-top:-200px;--awb-min-height:450px;--awb-flex-wrap:wrap;" ><div class="fusion-builder-row fusion-row fusion-flex-align-items-stretch fusion-flex-content-wrap" style="max-width:calc( 1400px + 0px );margin-left: calc(-0px / 2 );margin-right: calc(-0px / 2 );"><div class="fusion-layout-column fusion_builder_column fusion-builder-column-0 fusion_builder_column_1_3 1_3 fusion-flex-column fusion-flex-align-self-stretch singleProvider" style="--awb-bg-position:center top;--awb-bg-size:cover;--awb-width-large:33.333333333333%;--awb-margin-top-large:0px;--awb-spacing-right-large:0px;--awb-margin-bottom-large:0px;--awb-spacing-left-large:0px;--awb-width-medium:33.333333333333%;--awb-order-medium:0;--awb-spacing-right-medium:0px;--awb-spacing-left-medium:0px;--awb-width-small:100%;--awb-order-small:0;--awb-spacing-right-small:0px;--awb-spacing-left-small:0px;" data-scroll-devices="small-visibility,medium-visibility,large-visibility"><div class="fusion-column-wrapper lazyload fusion-column-has-shadow fusion-flex-justify-content-flex-start fusion-content-layout-column fusion-empty-column-bg-image fusion-column-has-bg-image" data-bg-url="https://www.pillarhealthcare.org/wp-content/uploads/2023/03/KCHC_Mark-Celebre_WEB.png" data-bg="https://www.pillarhealthcare.org/wp-content/uploads/2023/03/KCHC_Mark-Celebre_WEB.png"><img decoding="async" class="fusion-empty-dims-img-placeholder fusion-no-large-visibility fusion-no-medium-visibility" aria-label="KCHC_Mark-Celebre_WEB" src="data:image/svg+xml,%3Csvg%20xmlns%3D%27http%3A%2F%2Fwww.w3.org%2F2000%2Fsvg%27%20width%3D%27500%27%20height%3D%27500%27%20viewBox%3D%270%200%20500%20500%27%3E%3Crect%20width%3D%27500%27%20height%3D%27500%27%20fill-opacity%3D%220%22%2F%3E%3C%2Fsvg%3E"></div></div><div class="fusion-layout-column fusion_builder_column fusion-builder-column-1 fusion_builder_column_2_3 2_3 fusion-flex-column fusion-flex-align-self-stretch provider-details singleProvider" style="--awb-bg-color:var(--awb-color1);--awb-bg-color-hover:var(--awb-color1);--awb-bg-size:cover;--awb-width-large:66.666666666667%;--awb-margin-top-large:0px;--awb-spacing-right-large:0px;--awb-margin-bottom-large:0px;--awb-spacing-left-large:0px;--awb-width-medium:66.666666666667%;--awb-order-medium:0;--awb-spacing-right-medium:0px;--awb-spacing-left-medium:0px;--awb-width-small:100%;--awb-order-small:0;--awb-spacing-right-small:0px;--awb-spacing-left-small:0px;" data-scroll-devices="small-visibility,medium-visibility,large-visibility"><div class="fusion-column-wrapper fusion-column-has-shadow fusion-flex-justify-content-center fusion-content-layout-column"><div class="fusion-title title fusion-title-1 fusion-sep-none fusion-title-text fusion-title-size-four provider-type" style="--awb-text-color:var(--awb-custom_color_11);--awb-margin-right:35px;--awb-margin-left:35px;--awb-margin-top-small:10px;--awb-margin-right-small:0px;--awb-margin-bottom-small:10px;--awb-margin-left-small:0px;--awb-font-size:18px;"><h4 class="fusion-title-heading title-heading-left fusion-responsive-typography-calculated" style="font-family:&quot;Rubik&quot;;font-style:normal;font-weight:600;margin:0;text-transform:uppercase;font-size:1em;--fontSize:18;--minFontSize:18;line-height:2.33;"><h1>OPERACIONES CLÍNICAS</h1></h4></div><div class="fusion-title title fusion-title-2 fusion-sep-none fusion-title-text fusion-title-size-two" style="--awb-text-color:var(--awb-custom_color_5);--awb-margin-top:0px;--awb-margin-right:35px;--awb-margin-bottom:0px;--awb-margin-left:35px;--awb-margin-top-small:10px;--awb-margin-right-small:0px;--awb-margin-bottom-small:10px;--awb-margin-left-small:0px;"><h2 class="fusion-title-heading title-heading-left fusion-responsive-typography-calculated" style="font-family:&quot;Rubik&quot;;font-style:normal;font-weight:600;margin:0;--fontSize:52;line-height:1.19;">Mark P. Celebre, R.PH.</h2></div><div class="fusion-title title fusion-title-3 fusion-sep-none fusion-title-text fusion-title-size-four" style="--awb-text-color:var(--awb-color3);--awb-margin-right:35px;--awb-margin-bottom:0px;--awb-margin-left:35px;--awb-margin-top-small:10px;--awb-margin-right-small:0px;--awb-margin-bottom-small:10px;--awb-margin-left-small:0px;"><h4 class="fusion-title-heading title-heading-left fusion-responsive-typography-calculated" style="margin:0;--fontSize:30;--minFontSize:30;line-height:1.4;">Consejero Delegado</h4></div><div class="fusion-separator" style="align-self: center;margin-left: auto;margin-right: auto;margin-top:35px;margin-bottom:35px;width:100%;max-width:93%;"><div class="fusion-separator-border sep-single" style="--awb-height:20px;--awb-amount:20px;border-color:var(--awb-color4);border-top-width:4px;"></div></div></div></div></div></div><div class="fusion-fullwidth fullwidth-box fusion-builder-row-2 fusion-flex-container has-pattern-background has-mask-background nonhundred-percent-fullwidth non-hundred-percent-height-scrolling" style="--awb-border-radius-top-left:0px;--awb-border-radius-top-right:0px;--awb-border-radius-bottom-right:0px;--awb-border-radius-bottom-left:0px;--awb-padding-bottom:60px;--awb-margin-top:35px;--awb-flex-wrap:wrap;" ><div class="fusion-builder-row fusion-row fusion-flex-align-items-stretch fusion-flex-content-wrap" style="max-width:1456px;margin-left: calc(-4% / 2 );margin-right: calc(-4% / 2 );"><div class="fusion-layout-column fusion_builder_column fusion-builder-column-2 fusion_builder_column_1_1 1_1 fusion-flex-column" style="--awb-bg-size:cover;--awb-width-large:100%;--awb-margin-top-large:0px;--awb-spacing-right-large:1.92%;--awb-margin-bottom-large:20px;--awb-spacing-left-large:1.92%;--awb-width-medium:100%;--awb-order-medium:0;--awb-spacing-right-medium:1.92%;--awb-spacing-left-medium:1.92%;--awb-width-small:100%;--awb-order-small:0;--awb-spacing-right-small:1.92%;--awb-spacing-left-small:1.92%;" data-scroll-devices="small-visibility,medium-visibility,large-visibility"><div class="fusion-column-wrapper fusion-column-has-shadow fusion-flex-justify-content-flex-start fusion-content-layout-column"><div class="fusion-title title fusion-title-4 fusion-sep-none fusion-title-text fusion-title-size-four" style="--awb-text-color:var(--awb-custom_color_5);--awb-margin-top-small:10px;--awb-margin-right-small:0px;--awb-margin-bottom-small:10px;--awb-margin-left-small:0px;"><h4 class="fusion-title-heading title-heading-left fusion-responsive-typography-calculated" style="margin:0;--fontSize:30;--minFontSize:30;line-height:1.4;">Acerca de</h4></div><div class="fusion-text fusion-text-1"><p><strong>¿Cuándo empezaste en KCHC?</strong></p>
<p>29 de junio de 2020.</p>
<p><strong>Breve descripción de su experiencia profesional o motivo por el que eligió su campo.</strong></p>
<p>Comencé mi carrera farmacéutica en 1981 en el hospital y clínicas de la Universidad de Wisconsin-Madison como farmacéutica de planta descentralizada.   Realicé mis estudios universitarios en la Universidad de Wisconsin-Parkside y me licencié en Farmacia en la Facultad de Farmacia de la Universidad de Wisconsin, Madison. Desde mi infancia me ha interesado el campo de la atención sanitaria. Mi padre, Ernest Celebre, también era farmacéutico y mi madre, Mary, era tecnóloga médica.</p>
<p><strong>¿Por qué eligió trabajar para Kenosha Community Health Center, Inc.</strong></p>
<p>Elegí trabajar en el KCHC como una manera de devolver a la comunidad de Kenosha después de muchos años de práctica de la farmacia en el área de Milwaukee y Madison. Nací y crecí en Kenosha.  De hecho, viví y crecí literalmente a 4 cuadras de la Clínica Médica KCHC 22nd Ave y asistí y me gradué de la cercana Escuela Holy Rosary.</p>
</div></div></div></div></div></p>
